{"id":8,"date":"2015-12-13T13:33:45","date_gmt":"2015-12-13T13:33:45","guid":{"rendered":"http:\/\/esenciahumanafilms.com\/esencia\/?page_id=8"},"modified":"2019-07-22T21:05:27","modified_gmt":"2019-07-22T21:05:27","slug":"ficcion","status":"publish","type":"page","link":"http:\/\/esenciahumanafilms.com\/?page_id=8","title":{"rendered":"Ficci\u00f3n"},"content":{"rendered":"<p>Viento de Luz<br \/>\n<iframe loading=\"lazy\" title=\"Viento de luz. (Wind of light)\" width=\"584\" height=\"329\" src=\"https:\/\/www.youtube.com\/embed\/VDnTMwadSaA?feature=oembed\" frameborder=\"0\" allow=\"accelerometer; autoplay; clipboard-write; encrypted-media; gyroscope; picture-in-picture; web-share\" referrerpolicy=\"strict-origin-when-cross-origin\" allowfullscreen><\/iframe><\/p>\n<p>No todo lo que brilla es tiempo<br \/>\n<iframe loading=\"lazy\" title=\"No todo lo que brilla es tiempo (All that glitters is not time)\" width=\"584\" height=\"329\" src=\"https:\/\/www.youtube.com\/embed\/U7_rQ4yvOGA?feature=oembed\" frameborder=\"0\" allow=\"accelerometer; autoplay; clipboard-write; encrypted-media; gyroscope; picture-in-picture; web-share\" referrerpolicy=\"strict-origin-when-cross-origin\" allowfullscreen><\/iframe><\/p>\n<p>Te animaste Kiko!<br \/>\n<iframe loading=\"lazy\" title=\"Te animaste kiko!\" width=\"584\" height=\"329\" src=\"https:\/\/www.youtube.com\/embed\/Z4FgnSiNFKk?feature=oembed\" frameborder=\"0\" allow=\"accelerometer; autoplay; clipboard-write; encrypted-media; gyroscope; picture-in-picture; web-share\" referrerpolicy=\"strict-origin-when-cross-origin\" allowfullscreen><\/iframe><\/p>\n<p>Ellos no miran a los ojos<br \/>\nCortometraje duraci\u00f2n 10 minutos<br \/>\n<iframe loading=\"lazy\" title=\"Ellos no miran a los ojos\" width=\"584\" height=\"329\" src=\"https:\/\/www.youtube.com\/embed\/BVJAOllR-Jk?feature=oembed\" frameborder=\"0\" allow=\"accelerometer; autoplay; clipboard-write; encrypted-media; gyroscope; picture-in-picture; web-share\" referrerpolicy=\"strict-origin-when-cross-origin\" allowfullscreen><\/iframe><\/p>\n<p>La Acci\u00f3n V\u00e1lida (Trailer) 53 seg. Cortometraje duraci\u00f3n 17 min.<\/p>\n<p><iframe loading=\"lazy\" title=\"La Accion Valida\" width=\"584\" height=\"329\" src=\"https:\/\/www.youtube.com\/embed\/WJQfEVtkxac?feature=oembed\" frameborder=\"0\" allow=\"accelerometer; autoplay; clipboard-write; encrypted-media; gyroscope; picture-in-picture; web-share\" referrerpolicy=\"strict-origin-when-cross-origin\" allowfullscreen><\/iframe><\/p>\n<p>Espa\u00f1ol<br \/>\n<iframe loading=\"lazy\" title=\"La Acci\u00f3n V\u00e1lida\" width=\"584\" height=\"329\" src=\"https:\/\/www.youtube.com\/embed\/p4yH3RXmRuM?feature=oembed\" frameborder=\"0\" allow=\"accelerometer; autoplay; clipboard-write; encrypted-media; gyroscope; picture-in-picture; web-share\" referrerpolicy=\"strict-origin-when-cross-origin\" allowfullscreen><\/iframe><br \/>\nIngl\u00e9s<br \/>\n<iframe loading=\"lazy\" title=\"The Valid Action\" width=\"584\" height=\"329\" src=\"https:\/\/www.youtube.com\/embed\/CJwMzdYkQpQ?feature=oembed\" frameborder=\"0\" allow=\"accelerometer; autoplay; clipboard-write; encrypted-media; gyroscope; picture-in-picture; web-share\" referrerpolicy=\"strict-origin-when-cross-origin\" allowfullscreen><\/iframe><br \/>\nPortugues<br \/>\n<iframe loading=\"lazy\" title=\"A Acao Valida\" width=\"584\" height=\"329\" src=\"https:\/\/www.youtube.com\/embed\/GJ46CSp2NJU?feature=oembed\" frameborder=\"0\" allow=\"accelerometer; autoplay; clipboard-write; encrypted-media; gyroscope; picture-in-picture; web-share\" referrerpolicy=\"strict-origin-when-cross-origin\" allowfullscreen><\/iframe><br \/>\nFrances<br \/>\n<iframe loading=\"lazy\" title=\"L&#039;Action Valable\" width=\"584\" height=\"329\" src=\"https:\/\/www.youtube.com\/embed\/iTEkEB_C2uE?feature=oembed\" frameborder=\"0\" allow=\"accelerometer; autoplay; clipboard-write; encrypted-media; gyroscope; picture-in-picture; web-share\" referrerpolicy=\"strict-origin-when-cross-origin\" allowfullscreen><\/iframe><br \/>\nItaliano<br \/>\n<iframe loading=\"lazy\" title=\"L Azione Valida\" width=\"584\" height=\"329\" src=\"https:\/\/www.youtube.com\/embed\/RBCxmEyfts4?feature=oembed\" frameborder=\"0\" allow=\"accelerometer; autoplay; clipboard-write; encrypted-media; gyroscope; picture-in-picture; web-share\" referrerpolicy=\"strict-origin-when-cross-origin\" allowfullscreen><\/iframe><br \/>\nAlem\u00e1n<br \/>\n<iframe loading=\"lazy\" title=\"Die g\u00fcltige Handlung\" width=\"584\" height=\"329\" src=\"https:\/\/www.youtube.com\/embed\/RutrvCdBsDY?feature=oembed\" frameborder=\"0\" allow=\"accelerometer; autoplay; clipboard-write; encrypted-media; gyroscope; picture-in-picture; web-share\" referrerpolicy=\"strict-origin-when-cross-origin\" allowfullscreen><\/iframe><br \/>\nHoland\u00e9s<br \/>\n<iframe loading=\"lazy\" title=\"De Geldige Handeling\" width=\"584\" height=\"329\" src=\"https:\/\/www.youtube.com\/embed\/yUxF0b7T0mY?feature=oembed\" frameborder=\"0\" allow=\"accelerometer; autoplay; clipboard-write; encrypted-media; gyroscope; picture-in-picture; web-share\" referrerpolicy=\"strict-origin-when-cross-origin\" allowfullscreen><\/iframe><\/p>\n","protected":false},"excerpt":{"rendered":"<p>Viento de Luz No todo lo que brilla es tiempo Te animaste Kiko! Ellos no miran a los ojos Cortometraje duraci\u00f2n 10 minutos La Acci\u00f3n V\u00e1lida (Trailer) 53 seg. Cortometraje duraci\u00f3n 17 min. Espa\u00f1ol Ingl\u00e9s Portugues Frances Italiano Alem\u00e1n Holand\u00e9s<\/p>\n","protected":false},"author":2,"featured_media":0,"parent":0,"menu_order":2,"comment_status":"closed","ping_status":"closed","template":"","meta":{"footnotes":""},"class_list":["post-8","page","type-page","status-publish","hentry"],"_links":{"self":[{"href":"http:\/\/esenciahumanafilms.com\/index.php?rest_route=\/wp\/v2\/pages\/8","targetHints":{"allow":["GET"]}}],"collection":[{"href":"http:\/\/esenciahumanafilms.com\/index.php?rest_route=\/wp\/v2\/pages"}],"about":[{"href":"http:\/\/esenciahumanafilms.com\/index.php?rest_route=\/wp\/v2\/types\/page"}],"author":[{"embeddable":true,"href":"http:\/\/esenciahumanafilms.com\/index.php?rest_route=\/wp\/v2\/users\/2"}],"replies":[{"embeddable":true,"href":"http:\/\/esenciahumanafilms.com\/index.php?rest_route=%2Fwp%2Fv2%2Fcomments&post=8"}],"version-history":[{"count":0,"href":"http:\/\/esenciahumanafilms.com\/index.php?rest_route=\/wp\/v2\/pages\/8\/revisions"}],"wp:attachment":[{"href":"http:\/\/esenciahumanafilms.com\/index.php?rest_route=%2Fwp%2Fv2%2Fmedia&parent=8"}],"curies":[{"name":"wp","href":"https:\/\/api.w.org\/{rel}","templated":true}]}}