{"id":15,"date":"2015-12-13T13:47:49","date_gmt":"2015-12-13T13:47:49","guid":{"rendered":"http:\/\/esenciahumanafilms.com\/esencia\/?page_id=15"},"modified":"2019-07-22T21:54:46","modified_gmt":"2019-07-22T21:54:46","slug":"quienes-somos","status":"publish","type":"page","link":"http:\/\/esenciahumanafilms.com\/?page_id=15","title":{"rendered":"Quienes Somos"},"content":{"rendered":"<p>Este es un emprendimiento de un conjunto de profesionales audiovisuales que va rotando de acuerdo a los proyectos y que re\u00fane gente de Argentina, Bolivia y Chile.<br \/>\nCoordina Carlos Santos.<br \/>\nEs Director del Instituto de Sistemas para espect\u00e1culos desde el a\u00f1o 2002, en la ciudad de Buenos Aires. Donde se dictan cursos de Sonido en Vivo, Iluminaci\u00f3n, Operador t\u00e9cnico de eventos, Realizaci\u00f3n Audiovisual, Edici\u00f3n de Audio y Video, Producci\u00f3n, Escenograf\u00eda, Vestuario.<br \/>\nLa producci\u00f3n que hemos realizado se puede ver en la secciones Documentales, Ficci\u00f3n y Videoclip.<\/p>\n<p>carlossantosmenendez@gmail.com<\/p>\n","protected":false},"excerpt":{"rendered":"<p>Este es un emprendimiento de un conjunto de profesionales audiovisuales que va rotando de acuerdo a los proyectos y que re\u00fane gente de Argentina, Bolivia y Chile. Coordina Carlos Santos. Es Director del Instituto de Sistemas para espect\u00e1culos desde el &hellip; <a href=\"http:\/\/esenciahumanafilms.com\/?page_id=15\">Sigue leyendo <span class=\"meta-nav\">&rarr;<\/span><\/a><\/p>\n","protected":false},"author":2,"featured_media":0,"parent":0,"menu_order":4,"comment_status":"closed","ping_status":"closed","template":"","meta":{"footnotes":""},"class_list":["post-15","page","type-page","status-publish","hentry"],"_links":{"self":[{"href":"http:\/\/esenciahumanafilms.com\/index.php?rest_route=\/wp\/v2\/pages\/15","targetHints":{"allow":["GET"]}}],"collection":[{"href":"http:\/\/esenciahumanafilms.com\/index.php?rest_route=\/wp\/v2\/pages"}],"about":[{"href":"http:\/\/esenciahumanafilms.com\/index.php?rest_route=\/wp\/v2\/types\/page"}],"author":[{"embeddable":true,"href":"http:\/\/esenciahumanafilms.com\/index.php?rest_route=\/wp\/v2\/users\/2"}],"replies":[{"embeddable":true,"href":"http:\/\/esenciahumanafilms.com\/index.php?rest_route=%2Fwp%2Fv2%2Fcomments&post=15"}],"version-history":[{"count":0,"href":"http:\/\/esenciahumanafilms.com\/index.php?rest_route=\/wp\/v2\/pages\/15\/revisions"}],"wp:attachment":[{"href":"http:\/\/esenciahumanafilms.com\/index.php?rest_route=%2Fwp%2Fv2%2Fmedia&parent=15"}],"curies":[{"name":"wp","href":"https:\/\/api.w.org\/{rel}","templated":true}]}}